ppose -29*q + 959573 - 371233 = -682498. What is the tens digit of q?
2
Suppose z - 2*a - 1 = 0, -6*z + 4*a = -2*z. Let i be (-3)/((-1 - 10/(-8)) + z). What is the tens digit of (i/(-1))/2 + 177 + 2?
7
Suppose -1211 = -2*v + 9. What is the units digit of 0*(4 + (-42)/12) + v?
0
Let h = -12173 - -17207. Suppose -5*u = -11*u + h. What is the units digit of u?
9
Let k(d) = 38*d**2 + 61*d - 75. What is the units digit of k(8)?
5
Let c be -25*(-12)/10*-1. Let l(y) = y**3 + 31*y**2 + 5*y + 44. What is the tens digit of l(c)?
9
Suppose 6*b = -3*u + 5*b - 1150, -5*u - 2*b - 1917 = 0. Let k = u + 931. What is the units digit of k?
8
Suppose -2*j = 3*j + 5*o - 22080, 0 = -5*j + o + 22026. What is the thousands digit of j?
4
Suppose 139*m = 140*m - 6. Let i be 15/21*(1 + m). Suppose 3*j - i*p - 1 - 110 = 0, 0 = -3*j + p + 99. What is the units digit of j?
2
Let t be (((-63)/(-6))/7)/((-12)/(-16)). Let u be (1 + 0)*(-2 + t). Suppose 10*n - 12*n + 422 = u. What is the tens digit of n?
1
Let q(z) be the second derivative of -23*z**3/6 - 131*z**2/2 + 14*z + 2. What is the tens digit of q(-8)?
5
Let q(o) be the second derivative of 41*o**6/180 - o**5/120 - 8*o**3/3 - 2*o. Let d(j) be the second derivative of q(j). What is the tens digit of d(-1)?
8
Suppose -j + 7319 + 2059 = 0. Suppose -6*x - 3*x + j = 0. What is the thousands digit of x?
1
Suppose 0 = -3*n - 9, -2*g + 8 + 4 = -2*n. Let z be 8/g*15/10. Suppose -399 = -4*h + 5*a, -5*a + a = z*h - 444. What is the tens digit of h?
0
Let z(k) = 535*k**2 - 75*k + 8. What is the hundreds digit of z(-5)?
7
Let a be 2/(-5) - (-2270)/50. Suppose -41*t - 112 = -a*t. Suppose -29*f = -t*f - 4. What is the units digit of f?
4
Let m(s) = s**2 + 7*s - 7. Let j be (-5)/(55/1087) + (-4)/22. Let h = j - -88. What is the units digit of m(h)?
7
Suppose -76 = -3*x - 4*y, 2*x = 5*x - 5*y - 94. Let w be ((-26 + 5)/7)/(6/x). Let d = 132 + w. What is the tens digit of d?
1
Suppose 17678 = -97*q + 100*q - r, -r = 4*q - 23559. What is the hundreds digit of q?
8
Suppose -5*f = -5*d + 3745, 4*f = 3*d - 2*d - 749. Let q = d + -190. What is the units digit of q?
9
Suppose -66764 = -15*t + 85696. What is the ten thousands digit of t?
1
Suppose 196*b - 12294 = 100*b + 87*b. What is the tens digit of b?
6
Suppose -4*q - 3*m = -102, 11*q + 4*m = 13*q - 40. What is the hundreds digit of 3842/4 + q/48?
9
Suppose -5*c = -249941 - 76154. What is the tens digit of c?
1
Suppose -3*g + 27 = 6*g. Suppose -3*q + 2*q + 4*p + 459 = 0, g*q + 2*p = 1335. What is the hundreds digit of q?
4
Let j(y) = -2152*y**3 + y**2 + 4*y - 2. What is the ten thousands digit of j(-2)?
1
Suppose 0 = 521*b - 517*b - 8088. What is the hundreds digit of b?
0
Suppose -2*b + 30 = -4*g, 2*b - 15 = -3*b - 2*g. Suppose -b*r + 0*r = -20. Suppose 0*m - 76 = -3*x + m, -4*x + 112 = -r*m. What is the tens digit of x?
2
Suppose -4*p - p + 10 = 0. Suppose p*n = k - 384, -2*k = -4*k + 3*n + 765. What is the units digit of k?
8
Let p(v) = -5*v**3 - 6*v**2 - 2*v - 16. Let g(q) = 12*q**3 + 12*q**2 + 3*q + 31. Let a(h) = -2*g(h) - 5*p(h). What is the units digit of a(7)?
3
What is the units digit of (-19)/(342/(-12))*2263221/18?
3
Suppose 6*j - 65905 = -8113. What is the thousands digit of j?
9
Let n(q) = 2825*q**2 - 23*q + 22. What is the thousands digit of n(1)?
2
Let v(r) = -35*r - 26. Let j be v(-9). Suppose j = s + 102. What is the units digit of s?
7
Let x be (-5 + 2)/((-3)/153). Let d = x - 174. Let q(g) = -4*g + 46. What is the units digit of q(d)?
0
Suppose r = -4*r + 26*r - 398055. What is the hundreds digit of r?
9
Let u(p) = 2*p**2 - 51*p - 76. Let d be u(27). Suppose -d*z + 54 - 1659 = -4*v, -3*z + 9 = 0. What is the hundreds digit of v?
4
Suppose -5*i + i = -8. Let l = 2102 + -2110. What is the units digit of (-1)/i - -2*(-214)/l?
3
Let b = 24112 - -13296. What is the hundreds digit of b?
4
Let i(b) = b**3 + 31*b**2 + 22*b + 435. What is the units digit of i(-29)?
9
Let q = 273 - 381. Let a = 611 + q. What is the tens digit of a?
0
Suppose 2886912 = -137*n + 14668501. What is the thousands digit of n?
5
Let v(n) = 3*n + 7. Let b be v(-3). What is the tens digit of 159 + (15/25)/(b/(-10))?
6
Let n(h) = 87*h**2 - 407*h - 236. What is the tens digit of n(23)?
2
Let j(d) = d**3 - 6*d**2 - 7*d + 1. Let t be 1*-2*(-28)/8. Let q be j(t). What is the units digit of q + -49*(-2 + 1)?
0
Let s = -115 - -118. Suppose -3*q - 1 = -l + 2, 0 = -5*q + s*l - 1. What is the tens digit of (-624)/(-3) - (q - -5)?
0
Suppose 2*p + 485 = -3*o, -12*p + 10*p + o = 481. Let b = 1 - p. What is the tens digit of b?
4
Suppose z + 194 = 2*z - f, 3*z - 577 = 4*f. Suppose -4*p + 1659 = z. What is the units digit of p?
5
Let y be (-23 - -7)/4*(-78)/8. Let f = y + -11. Let d = f - -33. What is the units digit of d?
1
Let w = -2562 + 8654. What is the units digit of w?
2
Suppose 3*u + 46*u = 13*u + 217728. What is the hundreds digit of u?
0
What is the ten thousands digit of (-753 - -768) + 11*3624?
3
Let t(y) = y**2 + 2*y - 1. Suppose -3*h - f + 46 = -7, 2*f = 10. Let g be (-3 + h/6)*21. What is the units digit of t(g)?
4
Let x(n) = -488*n - 5377. What is the units digit of x(-142)?
9
Let m = 19 + 5. Suppose 0 = -z + 6 - m. Let c(n) = -n**2 - 21*n - 12. What is the units digit of c(z)?
2
Let f(d) = 63*d**2 - 53*d + 31. What is the thousands digit of f(-5)?
1
Let o(z) = 8*z**2 - 30*z + 25. Let v be o(11). Suppose 3*i - 3*u - v = 0, 4*i + 3*u + u - 860 = 0. What is the tens digit of i?
1
Suppose 516 = 44*o - o. Suppose -7*p + x = -o*p + 4950, -x + 1977 = 2*p. What is the units digit of p?
1
Suppose -15*g + 20*g - 200 = 0. Let k be 10 + (2/(-8) - 70/g). Let d = k + 83. What is the tens digit of d?
9
Let l be (-2 + 0 - 0) + -42. Let b = l - -44. Suppose -5*s + 5*r - 5 + b = 0, -4*s - r = -6. What is the units digit of s?
1
Let x(o) = -o**3 - 9*o**2 - 14*o - 16. Let c(d) = 2*d - 28. Let f be c(8). What is the tens digit of x(f)?
8
Let q(o) = 44*o - 16. Let n be q(5). Let z be (-4)/10 - n/(-60). Suppose 116 = 3*g - 5*u - 0*u, 0 = -3*g - z*u + 132. What is the units digit of g?
2
Let p(t) = 7*t**2 + 13*t - 34. Suppose 2*l + 6 = -2*m + 22, 4*l = -5*m + 36. Let g be (m - 4 - -6) + -1. What is the units digit of p(g)?
6
Let b(d) = 5523*d**2 - 30*d + 2. What is the tens digit of b(3)?
1
Let o be (4 + 0)*(9/6 + 3). Suppose -o*l = -10516 - 392. What is the tens digit of l?
0
Let x = -35230 + 62960. What is the ten thousands digit of x?
2
Suppose -2*o = -2*j - 16620 - 2196, 4*j - 18834 = -2*o. What is the units digit of o?
1
Suppose -4*b + 12 = 0, 2*b - 10 = 4*w + 148. Suppose 0 = l + 3, -z - z + 2*l = 28. Let p = z - w. What is the units digit of p?
1
What is the ten thousands digit of 3 + 1 + (-26 + 6)/(3/(-1875))?
1
Suppose -2*h - 4 = 2*o, h - 2*o - 16 = -3*h. Let w(j) = 0*j**h + j**2 - 24 + 0 + 0 + 21*j. What is the tens digit of w(-26)?
0
Let y(r) = 2*r**2 + 7*r - 11. Let o(d) = -4*d**2 - 14*d + 23. Let p(i) = 4*o(i) + 10*y(i). What is the hundreds digit of p(-9)?
1
Let z(f) = -12*f - 268. Let x be z(-21). Let s = 30 + -888. What is the tens digit of s/x + (-15)/(-40)?
5
Let g = 451 - -3325. What is the tens digit of g?
7
Suppose 0 = -12*k + 2*k + 240. Suppose -5*u - 19 + k = 0. What is the units digit of (2 + 65)*(-3 - -4)*u?
7
Let x = -26 + 38. Let k be (-4)/((-12)/(-9))*(-20)/x. Suppose k*n - 51 = 304. What is the tens digit of n?
7
Suppose -31*s - 7266 = -10*s. Let m = 534 + s. What is the units digit of m?
8
Let y(a) = 286*a**2 - 97*a + 838. What is the ten thousands digit of y(9)?
2
Suppose -3*n - v + 444 = 0, 5*n - 2*v - 751 = -0*v. What is the tens digit of n?
4
Suppose 7*d = -17 - 2510. Let i = -254 - d. What is the units digit of ((-20)/(-4) + -3)*i/2?
7
Let k(t) = 2*t**2 - t + 425. What is the thousands digit of k(-57)?
6
Suppose 3*h + 1 = -4*r, 4*h + r - 21 = -h. Suppose 0*d = 5*p + d - 55, 0 = -h*p - 4*d + 55. Suppose -p*w + 7*w = -288. What is the units digit of w?
2
Let t(f) = f**3 - 21*f**2 - 47*f - 1. Let k be t(24). Suppose -3*b + 2366 = k. What is the tens digit of b?
8
Let q(h) = 16*h**2 + 883*h - 56. What is the hundreds digit of q(-81)?
3
Let l = 352 + 288. Suppose 12*z = -l + 1720. What is the tens digit of z?
9
Suppose 0 = 2*c + d, -4*d - 13 = 5*c - 8*d. Let f be c - (-316)/(-2) - -1. What is